{"id":19,"date":"2025-01-28T06:17:11","date_gmt":"2025-01-28T05:17:11","guid":{"rendered":"https:\/\/g-solutionsonline.com\/?page_id=19"},"modified":"2025-04-08T21:21:08","modified_gmt":"2025-04-08T19:21:08","slug":"quienes-somos","status":"publish","type":"page","link":"https:\/\/g-solutionsonline.com\/index.php\/quienes-somos\/","title":{"rendered":"Quienes somos"},"content":{"rendered":"\n<div class=\"wp-block-uagb-container uagb-block-27cb92dc alignfull uagb-is-root-container\"><div class=\"uagb-container-inner-blocks-wrap\">\n<div class=\"wp-block-uagb-container uagb-block-d508d5cf\">\n<div class=\"wp-block-uagb-slider uagb-block-556bce63 uagb-slider-container\"><div class=\"uagb-slides uagb-swiper\"><div class=\"swiper-wrapper\">\n<div class=\"wp-block-uagb-slider-child uagb-slider-child-wrap swiper-slide uagb-block-e14bfe5b\"><div class=\"swiper-content\">\n<div class=\"wp-block-uagb-info-box uagb-block-8ba20d28 uagb-infobox__content-wrap  uagb-infobox-icon-above-title uagb-infobox-image-valign-top\"><div class=\"uagb-ifb-content\"><div class=\"uagb-ifb-image-content\"><img decoding=\"async\" src=\"https:\/\/g-solutionsonline.com\/wp-content\/uploads\/2025\/02\/Quienes-somos-1-1024x762.jpg\" alt=\"\" width=\"\" height=\"0\" loading=\"lazy\"\/><\/div><div class=\"uagb-ifb-title-wrap\"><\/div><\/div><\/div>\n<\/div><\/div>\n\n\n\n<div class=\"wp-block-uagb-slider-child uagb-slider-child-wrap swiper-slide uagb-block-1298cdc8\"><div class=\"swiper-content\">\n<div class=\"wp-block-uagb-info-box uagb-block-98394d2c uagb-infobox__content-wrap  uagb-infobox-icon-above-title uagb-infobox-image-valign-top\"><div class=\"uagb-ifb-content\"><div class=\"uagb-ifb-image-content\"><img decoding=\"async\" src=\"https:\/\/g-solutionsonline.com\/wp-content\/uploads\/2025\/02\/Quienes-somos-2-1024x765.jpg\" alt=\"\" width=\"\" height=\"0\" loading=\"lazy\"\/><\/div><div class=\"uagb-ifb-title-wrap\"><\/div><\/div><\/div>\n<\/div><\/div>\n\n\n\n<div class=\"wp-block-uagb-slider-child uagb-slider-child-wrap swiper-slide uagb-block-656f883f\"><div class=\"swiper-content\">\n<div class=\"wp-block-uagb-info-box uagb-block-2016cc68 uagb-infobox__content-wrap  uagb-infobox-icon-above-title uagb-infobox-image-valign-top\"><div class=\"uagb-ifb-content\"><div class=\"uagb-ifb-image-content\"><img decoding=\"async\" src=\"https:\/\/g-solutionsonline.com\/wp-content\/uploads\/2025\/02\/Quienes-somos-3-1024x803.jpg\" alt=\"\" width=\"\" height=\"0\" loading=\"lazy\"\/><\/div><div class=\"uagb-ifb-title-wrap\"><\/div><\/div><\/div>\n<\/div><\/div>\n<\/div><\/div><div class=\"swiper-pagination\"><\/div><div class=\"swiper-button-prev\"><\/div><div class=\"swiper-button-next\"><\/div><\/div>\n<\/div>\n\n\n\n<div data-aos= \"fade\" data-aos-duration=\"400\" data-aos-delay=\"0\" data-aos-easing=\"ease\" data-aos-once=\"true\" class=\"wp-block-uagb-container uagb-block-0e5ea2a3\">\n<div class=\"wp-block-uagb-advanced-heading uagb-block-c7685566\"><h6 class=\"uagb-heading-text\">Quienes somos<\/h6><div class=\"uagb-separator\"><\/div><p class=\"uagb-desc-text\">Somos una empresa especializada en soluciones de telecomunicaciones, dedicada a satisfacer las necesidades del sector corporativo. Nos caracterizamos por ofrecer servicios de alta calidad, personalizados y adaptados a las necesidades y desaf\u00edos de un mercado en constante evoluci\u00f3n.<\/p><\/div>\n\n\n\n<div class=\"wp-block-uagb-advanced-heading uagb-block-571457cf\"><p class=\"uagb-desc-text\">Con un equipo altamente calificado y comprometido, combinamos tecnolog\u00eda de vanguardia con una excelente atenci\u00f3n al cliente para garantizar la conectividad, seguridad y eficiencia que las empresas necesitan para lograr sus objetivos.<\/p><\/div>\n\n\n\n<div class=\"wp-block-uagb-advanced-heading uagb-block-96388810\"><p class=\"uagb-desc-text\">Nuestra experiencia y enfoque innovador nos posicionan como un aliado confiable para el desarrollo y crecimiento de negocios, ayud\u00e1ndoles a mantenerse competitivos y preparados para afrontar los retos de un mundo cada vez m\u00e1s interconectado.<\/p><\/div>\n<\/div>\n<\/div><\/div>\n\n\n\n<hr class=\"wp-block-separator has-text-color has-ast-global-color-8-color has-alpha-channel-opacity has-ast-global-color-8-background-color has-background is-style-dots\" style=\"margin-top:0;margin-bottom:0\"\/>\n\n\n\n<div class=\"wp-block-uagb-container uagb-block-399aa2ca alignfull uagb-is-root-container\"><div class=\"uagb-container-inner-blocks-wrap\">\n<div class=\"wp-block-uagb-container uagb-block-cd5c3c75\">\n<div class=\"wp-block-uagb-slider uagb-block-d686f0f0 uagb-slider-container\"><div class=\"uagb-slides uagb-swiper\"><div class=\"swiper-wrapper\">\n<div class=\"wp-block-uagb-slider-child uagb-slider-child-wrap swiper-slide uagb-block-b0a82169\"><div class=\"swiper-content\">\n<div class=\"wp-block-uagb-info-box uagb-block-fcc4876f uagb-infobox__content-wrap  uagb-infobox-icon-above-title uagb-infobox-image-valign-top\"><div class=\"uagb-ifb-content\"><div class=\"uagb-ifb-image-content\"><img decoding=\"async\" src=\"https:\/\/g-solutionsonline.com\/wp-content\/uploads\/2025\/02\/Mision-Vision-1-1024x767.jpg\" alt=\"\" width=\"\" height=\"0\" loading=\"lazy\"\/><\/div><div class=\"uagb-ifb-title-wrap\"><\/div><\/div><\/div>\n<\/div><\/div>\n\n\n\n<div class=\"wp-block-uagb-slider-child uagb-slider-child-wrap swiper-slide uagb-block-62766a59\"><div class=\"swiper-content\">\n<div class=\"wp-block-uagb-info-box uagb-block-5b80f6fe uagb-infobox__content-wrap  uagb-infobox-icon-above-title uagb-infobox-image-valign-top\"><div class=\"uagb-ifb-content\"><div class=\"uagb-ifb-image-content\"><img decoding=\"async\" src=\"https:\/\/g-solutionsonline.com\/wp-content\/uploads\/2025\/02\/Mision-Vision-2-1024x759.jpg\" alt=\"\" width=\"\" height=\"0\" loading=\"lazy\"\/><\/div><div class=\"uagb-ifb-title-wrap\"><\/div><\/div><\/div>\n<\/div><\/div>\n\n\n\n<div class=\"wp-block-uagb-slider-child uagb-slider-child-wrap swiper-slide uagb-block-b7d3a795\"><div class=\"swiper-content\">\n<div class=\"wp-block-uagb-info-box uagb-block-ec0a9711 uagb-infobox__content-wrap  uagb-infobox-icon-above-title uagb-infobox-image-valign-top\"><div class=\"uagb-ifb-content\"><div class=\"uagb-ifb-image-content\"><img decoding=\"async\" src=\"https:\/\/g-solutionsonline.com\/wp-content\/uploads\/2025\/02\/Mision-Vision-3-1024x760.jpg\" alt=\"\" width=\"\" height=\"0\" loading=\"lazy\"\/><\/div><div class=\"uagb-ifb-title-wrap\"><\/div><\/div><\/div>\n<\/div><\/div>\n<\/div><\/div><div class=\"swiper-pagination\"><\/div><div class=\"swiper-button-prev\"><\/div><div class=\"swiper-button-next\"><\/div><\/div>\n<\/div>\n\n\n\n<div class=\"wp-block-uagb-container uagb-block-1fb9cba3\">\n<div class=\"wp-block-uagb-advanced-heading uagb-block-3dd6ab31\"><h2 class=\"uagb-heading-text\">Nuestra Misi\u00f3n<\/h2><div class=\"uagb-separator\"><\/div><p class=\"uagb-desc-text\">Proveer soluciones globales innovadora en el \u00e1mbito de las telecomunicaciones, dise\u00f1adas para satisfacer las necesidades de conectividad, y tecnolog\u00eda de nuestros clientes corporativos. Nos enfocamos en garantizar servicios de alta calidad, confiables y escalables, que impulsen la productividad y el crecimiento de las empresas, contribuyendo al desarrollo tecnol\u00f3gico del entorno empresarial.<\/p><\/div>\n\n\n\n<div class=\"wp-block-uagb-advanced-heading uagb-block-5a842973\"><h2 class=\"uagb-heading-text\">Nuestra Visi\u00f3n<\/h2><div class=\"uagb-separator\"><\/div><p class=\"uagb-desc-text\">Ser reconocidos como el socio estrat\u00e9gico l\u00edder en telecomunicaciones para el sector corporativo, destac\u00e1ndonos por nuestra excelencia en el servicio, innovaci\u00f3n tecnol\u00f3gica y compromiso con la satisfacci\u00f3n de nuestros clientes. Aspiramos a transformar la manera en que las empresas se comunican, conectan y colaboran, marcando la diferencia en un mercado global competitivo.<\/p><\/div>\n\n\n\n<p><\/p>\n<\/div>\n<\/div><\/div>\n\n\n\n<hr class=\"wp-block-separator has-text-color has-black-color has-alpha-channel-opacity has-black-background-color has-background is-style-dots\"\/>\n\n\n\n<div class=\"wp-block-uagb-container uagb-block-17aa489d alignfull uagb-is-root-container\"><div class=\"uagb-container-inner-blocks-wrap\">\n<div class=\"wp-block-uagb-container uagb-block-aa4ca85e\">\n<div class=\"wp-block-uagb-slider uagb-block-71d9badc uagb-slider-container\"><div class=\"uagb-slides uagb-swiper\"><div class=\"swiper-wrapper\">\n<div class=\"wp-block-uagb-slider-child uagb-slider-child-wrap swiper-slide uagb-block-b7ff7305\"><div class=\"swiper-content\">\n<div class=\"wp-block-uagb-info-box uagb-block-3636032f uagb-infobox__content-wrap  uagb-infobox-icon-above-title uagb-infobox-image-valign-top\"><div class=\"uagb-ifb-content\"><div class=\"uagb-ifb-image-content\"><img decoding=\"async\" src=\"https:\/\/g-solutionsonline.com\/wp-content\/uploads\/2025\/02\/Valores-Respeto-x-la-vida-1024x760.jpg\" alt=\"\" width=\"\" height=\"0\" loading=\"lazy\"\/><\/div><div class=\"uagb-ifb-title-wrap\"><\/div><\/div><\/div>\n<\/div><\/div>\n\n\n\n<div class=\"wp-block-uagb-slider-child uagb-slider-child-wrap swiper-slide uagb-block-c693f409\"><div class=\"swiper-content\">\n<div class=\"wp-block-uagb-info-box uagb-block-16f80bb0 uagb-infobox__content-wrap  uagb-infobox-icon-above-title uagb-infobox-image-valign-top\"><div class=\"uagb-ifb-content\"><div class=\"uagb-ifb-image-content\"><img decoding=\"async\" src=\"https:\/\/g-solutionsonline.com\/wp-content\/uploads\/2025\/02\/Valores-calidad-y-excelencia-1024x766.jpg\" alt=\"\" width=\"\" height=\"0\" loading=\"lazy\"\/><\/div><div class=\"uagb-ifb-title-wrap\"><\/div><\/div><\/div>\n<\/div><\/div>\n\n\n\n<div class=\"wp-block-uagb-slider-child uagb-slider-child-wrap swiper-slide uagb-block-f5c3094f\"><div class=\"swiper-content\">\n<div class=\"wp-block-uagb-info-box uagb-block-552d81c6 uagb-infobox__content-wrap  uagb-infobox-icon-above-title uagb-infobox-image-valign-top\"><div class=\"uagb-ifb-content\"><div class=\"uagb-ifb-image-content\"><img decoding=\"async\" src=\"https:\/\/g-solutionsonline.com\/wp-content\/uploads\/2025\/02\/Valores-Integridad-1024x763.jpg\" alt=\"\" width=\"\" height=\"0\" loading=\"lazy\"\/><\/div><div class=\"uagb-ifb-title-wrap\"><\/div><\/div><\/div>\n<\/div><\/div>\n<\/div><\/div><div class=\"swiper-pagination\"><\/div><div class=\"swiper-button-prev\"><\/div><div class=\"swiper-button-next\"><\/div><\/div>\n<\/div>\n\n\n\n<div class=\"wp-block-uagb-container uagb-block-b3a41d90\">\n<div class=\"wp-block-uagb-advanced-heading uagb-block-04d9c335\"><h2 class=\"uagb-heading-text\">Valores Corporativos<\/h2><div class=\"uagb-separator\"><\/div><p class=\"uagb-desc-text\"><strong>Respeto por la vida:<\/strong>  Nuestro compromiso inquebrantable con la protecci\u00f3n y cuidado de las personas, las comunidades y el entorno natural en el que operamos. Reconocemos que la sostenibilidad y el respeto por la vida son pilares fundamentales para un futuro pr\u00f3spero y equilibrado. <\/p><\/div>\n\n\n\n<div class=\"wp-block-uagb-advanced-heading uagb-block-4b13fc9d\"><p class=\"uagb-desc-text\"><strong>Calidad y excelencia: <\/strong>  Nos comprometemos a ofrecer soluciones y servicios con los m\u00e1s altos est\u00e1ndares de calidad, garantizando fiabilidad y rendimiento en cada proyecto.<\/p><\/div>\n\n\n\n<div class=\"wp-block-uagb-advanced-heading uagb-block-d4d397b4\"><p class=\"uagb-desc-text\"><strong>Integridad:<\/strong>   Actuamos con transparencia, \u00e9tica y profesionalismo en todas nuestras interacciones, construyendo relaciones de confianza a largo plazo con nuestros clientes y socios. <\/p><\/div>\n\n\n\n<p class=\"has-text-align-left\"><\/p>\n<\/div>\n<\/div><\/div>\n\n\n\n<hr class=\"wp-block-separator has-alpha-channel-opacity is-style-dots\"\/>\n\n\n\n<div class=\"wp-block-uagb-container uagb-block-07826333 alignfull uagb-is-root-container\"><div class=\"uagb-container-inner-blocks-wrap\">\n<div class=\"wp-block-uagb-container uagb-block-3b09536c\">\n<div class=\"wp-block-uagb-slider uagb-block-234973f4 uagb-slider-container\"><div class=\"uagb-slides uagb-swiper\"><div class=\"swiper-wrapper\">\n<div class=\"wp-block-uagb-slider-child uagb-slider-child-wrap swiper-slide uagb-block-64e75d2f\"><div class=\"swiper-content\">\n<div class=\"wp-block-uagb-info-box uagb-block-ce8a3158 uagb-infobox__content-wrap  uagb-infobox-icon-above-title uagb-infobox-image-valign-top\"><div class=\"uagb-ifb-content\"><div class=\"uagb-ifb-image-content\"><img decoding=\"async\" src=\"https:\/\/g-solutionsonline.com\/wp-content\/uploads\/2025\/02\/HSE-Personas-1024x762.jpg\" alt=\"\" width=\"\" height=\"0\" loading=\"lazy\"\/><\/div><div class=\"uagb-ifb-title-wrap\"><\/div><\/div><\/div>\n<\/div><\/div>\n\n\n\n<div class=\"wp-block-uagb-slider-child uagb-slider-child-wrap swiper-slide uagb-block-210ba6b4\"><div class=\"swiper-content\">\n<div class=\"wp-block-uagb-info-box uagb-block-19e1bef9 uagb-infobox__content-wrap  uagb-infobox-icon-above-title uagb-infobox-image-valign-top\"><div class=\"uagb-ifb-content\"><div class=\"uagb-ifb-image-content\"><img decoding=\"async\" src=\"https:\/\/g-solutionsonline.com\/wp-content\/uploads\/2025\/02\/HSE-Medio-ambiente-3-1024x759.jpg\" alt=\"\" width=\"\" height=\"0\" loading=\"lazy\"\/><\/div><div class=\"uagb-ifb-title-wrap\"><\/div><\/div><\/div>\n<\/div><\/div>\n\n\n\n<div class=\"wp-block-uagb-slider-child uagb-slider-child-wrap swiper-slide uagb-block-c7e0e3ca\"><div class=\"swiper-content\">\n<div class=\"wp-block-uagb-info-box uagb-block-2f8cd02b uagb-infobox__content-wrap  uagb-infobox-icon-above-title uagb-infobox-image-valign-top\"><div class=\"uagb-ifb-content\"><div class=\"uagb-ifb-image-content\"><img decoding=\"async\" src=\"https:\/\/g-solutionsonline.com\/wp-content\/uploads\/2025\/02\/HSE-Seguridad-i-1024x776.jpg\" alt=\"\" width=\"\" height=\"0\" loading=\"lazy\"\/><\/div><div class=\"uagb-ifb-title-wrap\"><\/div><\/div><\/div>\n<\/div><\/div>\n<\/div><\/div><div class=\"swiper-pagination\"><\/div><div class=\"swiper-button-prev\"><\/div><div class=\"swiper-button-next\"><\/div><\/div>\n<\/div>\n\n\n\n<div class=\"wp-block-uagb-container uagb-block-45e09be4\">\n<div class=\"wp-block-uagb-advanced-heading uagb-block-0cf77154\"><h2 class=\"uagb-heading-text\">HSE&amp;Q<\/h2><div class=\"uagb-separator\"><\/div><p class=\"uagb-desc-text\"> En Global Solutions nos comprometemos a proporcionar un entorno de trabajo seguro y saludable para todos nuestros empleados, clientes y socios, minimizando riesgos laborales y promoviendo pr\u00e1cticas de seguridad proactivas.<\/p><\/div>\n\n\n\n<div class=\"wp-block-uagb-advanced-heading uagb-block-9ad3f8bb\"><p class=\"uagb-desc-text\"> A Operar de manera responsable, reduciendo nuestro impacto ambiental y social a trav\u00e9s de la eficiencia energ\u00e9tica, la gesti\u00f3n sostenible de recursos y el cumplimiento de todas las normativas ambientales aplicables<\/p><\/div>\n\n\n\n<div class=\"wp-block-uagb-advanced-heading uagb-block-0a706a29\"><p class=\"uagb-desc-text\"> A ofrecer productos y servicios que cumplan con los m\u00e1s altos est\u00e1ndares de calidad, buscando la mejora continua y la satisfacci\u00f3n total de nuestros clientes. <\/p><\/div>\n\n\n\n<div class=\"wp-block-uagb-advanced-heading uagb-block-8098fa91\"><p class=\"uagb-desc-text\"> <strong>Esta pol\u00edtica es responsabilidad de todos y gu\u00eda nuestras decisiones y acciones diarias<\/strong><\/p><\/div>\n\n\n\n<p><\/p>\n<\/div>\n<\/div><\/div>\n\n\n\n<p><\/p>\n","protected":false},"excerpt":{"rendered":"<p>Quienes somos Somos una empresa especializada en soluciones de telecomunicaciones, dedicada a satisfacer las necesidades del sector corporativo. Nos caracterizamos [&hellip;]<\/p>\n","protected":false},"author":1,"featured_media":0,"parent":0,"menu_order":0,"comment_status":"closed","ping_status":"closed","template":"","meta":{"_uag_custom_page_level_css":"","site-sidebar-layout":"default","site-content-layout":"","ast-site-content-layout":"","site-content-style":"default","site-sidebar-style":"default","ast-global-header-display":"","ast-banner-title-visibility":"","ast-main-header-display":"","ast-hfb-above-header-display":"","ast-hfb-below-header-display":"","ast-hfb-mobile-header-display":"","site-post-title":"disabled","ast-breadcrumbs-content":"","ast-featured-img":"","footer-sml-layout":"","theme-transparent-header-meta":"","adv-header-id-meta":"","stick-header-meta":"","header-above-stick-meta":"","header-main-stick-meta":"","header-below-stick-meta":"","astra-migrate-meta-layouts":"default","ast-page-background-enabled":"default","ast-page-background-meta":{"desktop":{"background-color":"var(--ast-global-color-5)","background-image":"","background-repeat":"repeat","background-position":"center center","background-size":"auto","background-attachment":"scroll","background-type":"","background-media":"","overlay-type":"","overlay-color":"","overlay-opacity":"","overlay-gradient":""},"tablet":{"background-color":"","background-image":"","background-repeat":"repeat","background-position":"center center","background-size":"auto","background-attachment":"scroll","background-type":"","background-media":"","overlay-type":"","overlay-color":"","overlay-opacity":"","overlay-gradient":""},"mobile":{"background-color":"","background-image":"","background-repeat":"repeat","background-position":"center center","background-size":"auto","background-attachment":"scroll","background-type":"","background-media":"","overlay-type":"","overlay-color":"","overlay-opacity":"","overlay-gradient":""}},"ast-content-background-meta":{"desktop":{"background-color":"var(--ast-global-color-4)","background-image":"","background-repeat":"repeat","background-position":"center center","background-size":"auto","background-attachment":"scroll","background-type":"","background-media":"","overlay-type":"","overlay-color":"","overlay-opacity":"","overlay-gradient":""},"tablet":{"background-color":"var(--ast-global-color-4)","background-image":"","background-repeat":"repeat","background-position":"center center","background-size":"auto","background-attachment":"scroll","background-type":"","background-media":"","overlay-type":"","overlay-color":"","overlay-opacity":"","overlay-gradient":""},"mobile":{"background-color":"var(--ast-global-color-4)","background-image":"","background-repeat":"repeat","background-position":"center center","background-size":"auto","background-attachment":"scroll","background-type":"","background-media":"","overlay-type":"","overlay-color":"","overlay-opacity":"","overlay-gradient":""}},"footnotes":""},"class_list":["post-19","page","type-page","status-publish","hentry"],"uagb_featured_image_src":{"full":false,"thumbnail":false,"medium":false,"medium_large":false,"large":false,"1536x1536":false,"2048x2048":false},"uagb_author_info":{"display_name":"Ivan","author_link":"https:\/\/g-solutionsonline.com\/author\/ivan\/"},"uagb_comment_info":0,"uagb_excerpt":"Quienes somos Somos una empresa especializada en soluciones de telecomunicaciones, dedicada a satisfacer las necesidades del sector corporativo. Nos caracterizamos [&hellip;]","_links":{"self":[{"href":"https:\/\/g-solutionsonline.com\/index.php\/wp-json\/wp\/v2\/pages\/19","targetHints":{"allow":["GET"]}}],"collection":[{"href":"https:\/\/g-solutionsonline.com\/index.php\/wp-json\/wp\/v2\/pages"}],"about":[{"href":"https:\/\/g-solutionsonline.com\/index.php\/wp-json\/wp\/v2\/types\/page"}],"author":[{"embeddable":true,"href":"https:\/\/g-solutionsonline.com\/index.php\/wp-json\/wp\/v2\/users\/1"}],"replies":[{"embeddable":true,"href":"https:\/\/g-solutionsonline.com\/index.php\/wp-json\/wp\/v2\/comments?post=19"}],"version-history":[{"count":106,"href":"https:\/\/g-solutionsonline.com\/index.php\/wp-json\/wp\/v2\/pages\/19\/revisions"}],"predecessor-version":[{"id":1305,"href":"https:\/\/g-solutionsonline.com\/index.php\/wp-json\/wp\/v2\/pages\/19\/revisions\/1305"}],"wp:attachment":[{"href":"https:\/\/g-solutionsonline.com\/index.php\/wp-json\/wp\/v2\/media?parent=19"}],"curies":[{"name":"wp","href":"https:\/\/api.w.org\/{rel}","templated":true}]}}